{"id":15256,"date":"2015-04-17T08:18:25","date_gmt":"2015-04-17T08:18:25","guid":{"rendered":"http:\/\/demo.qodeinteractive.com\/bridge76\/?page_id=15256"},"modified":"2017-11-07T12:23:48","modified_gmt":"2017-11-07T09:23:48","slug":"ueber-uns","status":"publish","type":"page","link":"https:\/\/kunstschule-gerlach.de\/de\/ueber-uns\/","title":{"rendered":"\u00dcber uns"},"content":{"rendered":"<p>[vc_row row_type=&#8220;row&#8220; use_row_as_full_screen_section=&#8220;no&#8220; type=&#8220;full_width&#8220; angled_section=&#8220;no&#8220; text_align=&#8220;left&#8220; background_image_as_pattern=&#8220;without_pattern&#8220; css_animation=&#8220;&#8220;][vc_column][vc_gallery interval=&#8220;3&#8243; images=&#8220;15472,15462,15448&#8243; img_size=&#8220;large&#8220; css=&#8220;.vc_custom_1455300006957{margin-bottom: 0px !important;border-bottom-width: 0px !important;padding-bottom: 0px !important;}&#8220;][\/vc_column][\/vc_row][vc_row row_type=&#8220;row&#8220; use_row_as_full_screen_section=&#8220;no&#8220; type=&#8220;full_width&#8220; angled_section=&#8220;no&#8220; text_align=&#8220;left&#8220; background_image_as_pattern=&#8220;without_pattern&#8220; padding_top=&#8220;30&#8243; css_animation=&#8220;&#8220;][vc_column][vc_column_text]<\/p>\n<h1 style=\"text-align: center;\">Akademische\u00a0Kunstschule\u00a0Gerlach<\/h1>\n<p>In unserer Schule sollen das Talent und das sch\u00f6pferische Potenzial eines jeden Sch\u00fcler \/ einer jeden Sch\u00fclerin entdeckt, entfaltet und gef\u00f6rdert werden. Die Sch\u00f6nheit unserer Welt sehen und diese auf einem Blatt Papier oder auf der Leinwand mit k\u00fcnstlerischen Mitteln festhalten zu lernen, ist unser Ziel.<\/p>\n<p><center><br \/>\n<img decoding=\"async\" loading=\"lazy\" class=\"size-full wp-image-989\" title=\"alexander gerlach\" src=\"https:\/\/kunstschule-gerlach.de\/wp-content\/uploads\/2015\/04\/alexander-gerlach.jpg\" alt=\"\" width=\"439\" height=\"337\" \/>\u00a0<img decoding=\"async\" loading=\"lazy\" class=\"size-full wp-image-1038\" title=\"olga-gerlach\" src=\"https:\/\/kunstschule-gerlach.de\/wp-content\/uploads\/2015\/04\/olga-gerlach.jpg\" alt=\"\" width=\"439\" height=\"337\" \/><\/center>Der Unterricht basiert auf den Traditionen der realistischen Kunst. Die akademische Form der Vermittlung soll dabei helfen, die Grundlagen des Zeichnens, der Malerei und der Komposition (des Bildaufbaus) zu erlernen. Wir vermitteln Kenntnisse von unterschiedlichen Maltechniken und Kunstgattungen wie Stillleben, Landschaft und Portrait sowie den Umgang mit verschiedenen Kunstmaterialien.<\/p>\n<p>Die Gruppen sind auf maximal 10 Sch\u00fcler begrenzt und werden abh\u00e4ngig vom Alter der Teilnehmenden sowie von dem Schwierigkeitsgrad und der Intensit\u00e4t des Unterrichts gebildet. Dank der Ber\u00fccksichtigung unterschiedlicher F\u00e4higkeiten und Entwicklungsstufen kann jeder Sch\u00fcler \/ jede Sch\u00fclerin individuell gef\u00f6rdert werden.<\/p>\n<p>Als au\u00dferplanm\u00e4\u00dfige Kurse zu bestimmten Themen bieten wir auch Meisterklassen und einmonatige Intensivkurse an. An den Meisterklassen k\u00f6nnen sich nicht nur unsere Sch\u00fcler, sondern alle Interessenten, die sich dazu angemeldet haben, beteiligen. Bei gutem Wetter wird der Unterricht auch im Freien stattfinden.<\/p>\n<p>Es ist vorgesehen, regelm\u00e4\u00dfige Bilder-Ausstellungen unserer Sch\u00fcler durchzuf\u00fchren, die am Tag der offenen T\u00fcr besichtigt werden k\u00f6nnen.<\/p>\n<p>Tschaikowsky-Haus Tschaikowskyplatz 2 20335 Hamburg<\/p>\n<p>tel. 0176 207 52 445 0176 207 52 444[\/vc_column_text][\/vc_column][\/vc_row][vc_row row_type=&#8220;row&#8220; use_row_as_full_screen_section=&#8220;no&#8220; type=&#8220;full_width&#8220; angled_section=&#8220;no&#8220; text_align=&#8220;left&#8220; background_image_as_pattern=&#8220;without_pattern&#8220; css_animation=&#8220;&#8220;][vc_column][vc_empty_space][\/vc_column][\/vc_row]<\/p>","protected":false},"excerpt":{"rendered":"<p>[vc_row row_type=&#8220;row&#8220; use_row_as_full_screen_section=&#8220;no&#8220; type=&#8220;full_width&#8220; angled_section=&#8220;no&#8220; text_align=&#8220;left&#8220; background_image_as_pattern=&#8220;without_pattern&#8220; css_animation=&#8220;&#8220;][vc_column][vc_gallery interval=&#8220;3&#8243; images=&#8220;15472,15462,15448&#8243; img_size=&#8220;large&#8220; css=&#8220;.vc_custom_1455300006957{margin-bottom: 0px !important;border-bottom-width: 0px !important;padding-bottom: 0px !important;}&#8220;][\/vc_column][\/vc_row][vc_row row_type=&#8220;row&#8220; use_row_as_full_screen_section=&#8220;no&#8220; type=&#8220;full_width&#8220; angled_section=&#8220;no&#8220; text_align=&#8220;left&#8220; background_image_as_pattern=&#8220;without_pattern&#8220; padding_top=&#8220;30&#8243; css_animation=&#8220;&#8220;][vc_column][vc_column_text] Akademische\u00a0Kunstschule\u00a0Gerlach In unserer Schule sollen das Talent und das sch\u00f6pferische Potenzial eines jeden Sch\u00fcler \/ einer jeden Sch\u00fclerin entdeckt,&#8230;<\/p>\n","protected":false},"author":1,"featured_media":15472,"parent":0,"menu_order":0,"comment_status":"open","ping_status":"open","template":"","meta":[],"jetpack_sharing_enabled":true,"_links":{"self":[{"href":"https:\/\/kunstschule-gerlach.de\/de\/wp-json\/wp\/v2\/pages\/15256"}],"collection":[{"href":"https:\/\/kunstschule-gerlach.de\/de\/wp-json\/wp\/v2\/pages"}],"about":[{"href":"https:\/\/kunstschule-gerlach.de\/de\/wp-json\/wp\/v2\/types\/page"}],"author":[{"embeddable":true,"href":"https:\/\/kunstschule-gerlach.de\/de\/wp-json\/wp\/v2\/users\/1"}],"replies":[{"embeddable":true,"href":"https:\/\/kunstschule-gerlach.de\/de\/wp-json\/wp\/v2\/comments?post=15256"}],"version-history":[{"count":40,"href":"https:\/\/kunstschule-gerlach.de\/de\/wp-json\/wp\/v2\/pages\/15256\/revisions"}],"predecessor-version":[{"id":15816,"href":"https:\/\/kunstschule-gerlach.de\/de\/wp-json\/wp\/v2\/pages\/15256\/revisions\/15816"}],"wp:featuredmedia":[{"embeddable":true,"href":"https:\/\/kunstschule-gerlach.de\/de\/wp-json\/wp\/v2\/media\/15472"}],"wp:attachment":[{"href":"https:\/\/kunstschule-gerlach.de\/de\/wp-json\/wp\/v2\/media?parent=15256"}],"curies":[{"name":"wp","href":"https:\/\/api.w.org\/{rel}","templated":true}]}}

Über uns

<p>[vc_row row_type=&#8220;row&#8220; use_row_as_full_screen_section=&#8220;no&#8220; type=&#8220;full_width&#8220; angled_section=&#8220;no&#8220; text_align=&#8220;left&#8220; background_image_as_pattern=&#8220;without_pattern&#8220; css_animation=&#8220;&#8220;][vc_column][vc_gallery interval=&#8220;3&#8243; images=&#8220;15472,15462,15448&#8243; img_size=&#8220;large&#8220; css=&#8220;.vc_custom_1455300006957{margin-bottom: 0px !important;border-bottom-width: 0px !important;padding-bottom: 0px !important;}&#8220;][/vc_column][/vc_row][vc_row row_type=&#8220;row&#8220; use_row_as_full_screen_section=&#8220;no&#8220; type=&#8220;full_width&#8220; angled_section=&#8220;no&#8220; text_align=&#8220;left&#8220; background_image_as_pattern=&#8220;without_pattern&#8220; padding_top=&#8220;30&#8243; css_animation=&#8220;&#8220;][vc_column][vc_column_text]</p>
<h1 style="text-align: center;">Akademische Kunstschule Gerlach</h1>
<p>In unserer Schule sollen das Talent und das schöpferische Potenzial eines jeden Schüler / einer jeden Schülerin entdeckt, entfaltet und gefördert werden. Die Schönheit unserer Welt sehen und diese auf einem Blatt Papier oder auf der Leinwand mit künstlerischen Mitteln festhalten zu lernen, ist unser Ziel.</p>
<p><center><br />
<img decoding="async" loading="lazy" class="size-full wp-image-989" title="alexander gerlach" src="https://kunstschule-gerlach.de/wp-content/uploads/2015/04/alexander-gerlach.jpg" alt="" width="439" height="337" /> <img decoding="async" loading="lazy" class="size-full wp-image-1038" title="olga-gerlach" src="https://kunstschule-gerlach.de/wp-content/uploads/2015/04/olga-gerlach.jpg" alt="" width="439" height="337" /></center>Der Unterricht basiert auf den Traditionen der realistischen Kunst. Die akademische Form der Vermittlung soll dabei helfen, die Grundlagen des Zeichnens, der Malerei und der Komposition (des Bildaufbaus) zu erlernen. Wir vermitteln Kenntnisse von unterschiedlichen Maltechniken und Kunstgattungen wie Stillleben, Landschaft und Portrait sowie den Umgang mit verschiedenen Kunstmaterialien.</p>
<p>Die Gruppen sind auf maximal 10 Schüler begrenzt und werden abhängig vom Alter der Teilnehmenden sowie von dem Schwierigkeitsgrad und der Intensität des Unterrichts gebildet. Dank der Berücksichtigung unterschiedlicher Fähigkeiten und Entwicklungsstufen kann jeder Schüler / jede Schülerin individuell gefördert werden.</p>
<p>Als außerplanmäßige Kurse zu bestimmten Themen bieten wir auch Meisterklassen und einmonatige Intensivkurse an. An den Meisterklassen können sich nicht nur unsere Schüler, sondern alle Interessenten, die sich dazu angemeldet haben, beteiligen. Bei gutem Wetter wird der Unterricht auch im Freien stattfinden.</p>
<p>Es ist vorgesehen, regelmäßige Bilder-Ausstellungen unserer Schüler durchzuführen, die am Tag der offenen Tür besichtigt werden können.</p>
<p>Tschaikowsky-Haus Tschaikowskyplatz 2 20335 Hamburg</p>
<p>tel. 0176 207 52 445 0176 207 52 444[/vc_column_text][/vc_column][/vc_row][vc_row row_type=&#8220;row&#8220; use_row_as_full_screen_section=&#8220;no&#8220; type=&#8220;full_width&#8220; angled_section=&#8220;no&#8220; text_align=&#8220;left&#8220; background_image_as_pattern=&#8220;without_pattern&#8220; css_animation=&#8220;&#8220;][vc_column][vc_empty_space][/vc_column][/vc_row]</p>

<p>[vc_row row_type=&#8220;row&#8220; use_row_as_full_screen_section=&#8220;no&#8220; type=&#8220;full_width&#8220; angled_section=&#8220;no&#8220; text_align=&#8220;left&#8220; background_image_as_pattern=&#8220;without_pattern&#8220; css_animation=&#8220;&#8220;][vc_column][vc_gallery interval=&#8220;3&#8243; images=&#8220;15472,15462,15448&#8243; img_size=&#8220;large&#8220; css=&#8220;.vc_custom_1455300006957{margin-bottom: 0px !important;border-bottom-width: 0px !important;padding-bottom: 0px !important;}&#8220;][/vc_column][/vc_row][vc_row row_type=&#8220;row&#8220; use_row_as_full_screen_section=&#8220;no&#8220; type=&#8220;full_width&#8220; angled_section=&#8220;no&#8220; text_align=&#8220;left&#8220; background_image_as_pattern=&#8220;without_pattern&#8220; padding_top=&#8220;30&#8243; css_animation=&#8220;&#8220;][vc_column][vc_column_text] Akademische Kunstschule Gerlach In unserer Schule sollen das Talent und das schöpferische Potenzial eines jeden Schüler / einer jeden Schülerin entdeckt,&#8230;</p>
